 of 308 and 1036.
28
What is the greatest common factor of 15 and 501?
3
Calculate the highest common factor of 970 and 10.
10
Calculate the highest common factor of 187 and 88.
11
Calculate the highest common divisor of 3549 and 8736.
273
Calculate the highest common divisor of 690 and 50.
10
Calculate the highest common factor of 6 and 24.
6
What is the highest common divisor of 345 and 45?
15
Calculate the highest common divisor of 39 and 351.
39
What is the highest common divisor of 2457 and 13?
13
Calculate the highest common factor of 169 and 65.
13
Calculate the greatest common divisor of 19 and 323.
19
Calculate the highest common factor of 15 and 9.
3
What is the highest common factor of 12 and 2172?
12
Calculate the greatest common factor of 27 and 1656.
9
Calculate the highest common factor of 1435 and 35.
35
Calculate the greatest common divisor of 4 and 248.
4
What is the highest common factor of 33 and 174?
3
What is the greatest common divisor of 25 and 2425?
25
What is the greatest common divisor of 288 and 64?
32
Calculate the highest common factor of 14756 and 85.
17
Calculate the highest common divisor of 1092 and 42.
42
What is the highest common divisor of 1750 and 14?
14
What is the greatest common factor of 32 and 332?
4
What is the highest common factor of 16156 and 28?
28
Calculate the highest common divisor of 365 and 5.
5
Calculate the highest common divisor of 12 and 12.
12
Calculate the greatest common divisor of 129 and 10621.
43
What is the highest common factor of 108 and 828?
36
What is the greatest common factor of 6 and 2874?
6
Calculate the greatest common divisor of 204 and 48.
12
What is the greatest common factor of 15 and 2?
1
What is the highest common divisor of 180 and 100?
20
Calculate the highest common factor of 40 and 14440.
40
Calculate the greatest common factor of 657 and 1022.
73
What is the greatest common factor of 14977 and 17?
17
Calculate the highest common factor of 1377 and 27.
27
What is the greatest common divisor of 72 and 6?
6
What is the highest common divisor of 47 and 376?
47
What is the greatest common factor of 45 and 414?
9
What is the highest common factor of 1846 and 355?
71
What is the greatest common divisor of 1806 and 66?
6
Calculate the highest common divisor of 46 and 162.
2
What is the highest common factor of 1170 and 90?
90
What is the greatest common factor of 172 and 946?
86
What is the greatest common divisor of 10 and 1130?
10
What is the greatest common factor of 630 and 54?
18
Calculate the highest common divisor of 2324 and 28.
28
What is the greatest common factor of 58 and 2726?
58
What is the highest common factor of 15 and 93?
3
What is the highest common divisor of 3 and 87?
3
What is the highest common factor of 29 and 9512?
29
Calculate the highest common factor of 3 and 57.
3
Calculate the highest common factor of 37 and 12987.
37
What is the greatest common factor of 135 and 621?
27
What is the greatest common factor of 19 and 3781?
19
What is the greatest common divisor of 81 and 162?
81
Calculate the greatest common factor of 936 and 576.
72
Calculate the highest common divisor of 35 and 2247.
7
Calculate the highest common divisor of 60 and 870.
30
What is the greatest common factor of 128 and 8?
8
Calculate the greatest common factor of 946 and 66.
22
What is the highest common divisor of 105 and 30?
15
Calculate the highest common factor of 8 and 440.
8
Calculate the highest common divisor of 520 and 416.
104
What is the highest common factor of 846 and 18?
18
Calculate the greatest common factor of 65 and 65.
65
What is the greatest common factor of 6 and 178?
2
Calculate the highest common divisor of 216 and 248.
8
Calculate the greatest common factor of 384 and 32.
32
What is the highest common divisor of 33 and 220?
11
Calculate the greatest common factor of 26 and 32305.
13
What is the highest common divisor of 6837 and 129?
129
What is the greatest common factor of 374 and 68?
34
What is the greatest common divisor of 2807 and 35?
7
What is the highest common factor of 20 and 152?
4
Calculate the highest common divisor of 416 and 260.
52
What is the greatest common factor of 13 and 52?
13
What is the greatest common factor of 874 and 76?
38
What is the greatest common factor of 525 and 420?
105
What is the highest common divisor of 87 and 29?
29
Calculate the highest common divisor of 143 and 11.
11
What is the highest common factor of 39 and 65?
13
Calculate the highest common factor of 4 and 686.
2
What is the greatest common factor of 7028 and 7?
7
What is the highest common factor of 742 and 530?
106
What is the highest common factor of 49 and 833?
49
What is the greatest common divisor of 3055 and 130?
65
What is the highest common divisor of 18 and 1152?
18
What is the greatest common factor of 225 and 165?
15
What is the highest common divisor of 148 and 7252?
148
What is the greatest common divisor of 27 and 11043?
27
What is the greatest common divisor of 3211 and 1482?
247
Calculate the highest common factor of 1846 and 52.
26
What is the highest common factor of 759 and 46?
23
What is the greatest common factor of 1144 and 1846?
26
Calculate the greatest common factor of 58 and 116.
58
What is the highest common divisor of 585 and 90?
45
Calculate the highest common factor of 69 and 276.
69
What is the greatest common divisor of 73 and 73?
73
Calculate the greatest common divisor of 62 and 93.
31
What is the greatest common divisor of 96 and 276?
12
Calculate the greatest common divisor of 1120 and 700.
140
Calculate the highest common divisor of 9443 and 133.
133
What is the greatest common factor of 7 and 25501?
7
What is the greatest common factor of 1416 and 96?
24
Calculate the greatest common divisor of 10 and 9670.
10
What is the greatest common factor of 18747 and 9?
9
What is the highest common factor of 416 and 156?
52
What is the greatest common factor of 11346 and 372?
186
What is the greatest common factor of 117 and 22074?
39
Calculate the greatest common divisor of 421 and 1.
1
Calculate the greatest common divisor of 77 and 2849.
77
What is the highest common divisor of 196 and 66052?
196
What is the highest common divisor of 2397 and 1128?
141
What is the highest common factor of 4 and 604?
4
What is the highest common factor of 680 and 17?
17
Calculate the highest common factor of 231 and 756.
21
What is the greatest common factor of 304 and 228?
76
Calculate the greatest common factor of 1419 and 129.
129
What is the highest common factor of 270 and 243?
27
Calculate the greatest common divisor of 88 and 946.
22
Calculate the highest common divisor of 5974 and 58.
58
Calculate the greatest common factor of 144 and 45.
9
What is the greatest common divisor of 98 and 1330?
14
What is the highest common divisor of 12 and 1086?
6
Calculate the greatest common divisor of 30 and 29820.
30
What is the greatest common factor of 10598 and 14?
14
Calculate the highest common divisor of 8211 and 322.
161
What is the highest common factor of 3006 and 99?
9
What is the greatest common divisor of 217 and 31?
31
Calculate the highest common factor of 270 and 180.
90
Calculate the highest common divisor of 70 and 630.
70
What is the highest common factor of 583 and 1007?
53
Calculate the greatest common factor of 27136 and 106.
106
Calculate the highest common divisor of 2520 and 42.
42
What is the greatest common factor of 522 and 72?
18
What is the greatest common divisor of 21 and 273?
21
Calculate the greatest common divisor of 26 and 16835.
13
Calculate the highest common factor of 1100 and 195.
5
What is the greatest common divisor of 10104 and 120?
24
What is the greatest common divisor of 2024 and 46?
46
What is the highest common divisor of 28 and 4690?
14
What is the highest common factor of 18 and 342?
18
Calculate the highest common divisor of 21 and 27069.
21
What is the greatest common factor of 4476 and 108?
12
What is the greatest common divisor of 784 and 17444?
196
Calculate the highest common factor of 30 and 1515.
15
What is the greatest common divisor of 27 and 621?
27
Calculate the greatest common divisor of 8993 and 17.
17
What is the greatest common divisor of 808 and 2323?
101
What is the highest